3
Let h = 234 - 222. What is the units digit of h?
2
Suppose 0 = -4*n - n + 5. What is the units digit of n?
1
Let p = -35 - -37. Let o(g) = 4*g**3 - g**2 + 5*g - 5. What is the units digit of o(p)?
3
Let b(k) = -k**3 + 7*k**2 + 3*k - 10. Let f be b(7). Let m = 17 - f. Suppose -22 = -4*x + m. What is the units digit of x?
7
Suppose -7*r = -1353 + 191. What is the tens digit of r?
6
Let u(h) = 5*h - 46. Let r be u(11). What is the units digit of 227/r + 14/(-63) + 1?
6
Let x be 8/(-36) - 119/(-9). Suppose -x = -5*l - 3. Suppose 2*m - w - 50 = -2*m, -l*m - 5*w + 14 = 0. What is the units digit of m?
2
Let k be ((-603)/(-6))/((-4)/((-16)/2)). Let z = -77 + k. What is the tens digit of z?
2
Let z(u) = 61*u**3 + 1. Let s be z(1). Suppose s = 2*g + 2*x, -3*g + 0*x = -2*x - 88. What is the units digit of g?
0
Let l(j) = j**2 - j. Let u(i) = i**3 - 18*i**2 + 13*i - 15. Let k(n) = -4*l(n) - u(n). What is the units digit of k(13)?
7
Let t = 38 + -27. Let c = t - 9. What is the units digit of c?
2
Let s be 2/(-7) + 1644/21. Let x be (6/(-4))/((-11)/(-2) - 6). What is the units digit of (4 + -3)/(x/s)?
6
Suppose -13*q = -4*q - 81. What is the hundreds digit of -1 - -260*(1 - q/15)?
1
Suppose -5*a + 3*o = -17482, -3*a - 81*o = -83*o - 10489. What is the tens digit of a?
9
Let a be 0 + (1 - 3) - -6. Suppose -3*b + 196 = 4*x, -3*x + a*b + 160 = 3*b. Suppose 0 = g - 5*y - x, -4*g - 3*y + y = -98. What is the units digit of g?
7
Let p(f) be the second derivative of -9*f + 1/12*f**4 + 0 + 3/2*f**2 + 4/3*f**3. What is the tens digit of p(-9)?
1
Let v(k) = 82*k + 46. What is the hundreds digit of v(4)?
3
Let x be ((-8)/24)/(1/(-15)) + -3. Suppose -429 = -x*i - 2*i - 3*s, 2*i - 5*s - 247 = 0. What is the tens digit of i?
1
Suppose o = -4*o. Suppose o*g + y - 205 = -4*g, 4*g - 193 = -5*y. What is the units digit of g?
2
Let u(m) = 20*m**2 - 4*m - 1. What is the units digit of u(5)?
9
Suppose a = 3*u + 11, 2*u - a - 3 = -11. Let i = 34 - u. What is the tens digit of i?
3
Let f(l) = 189*l - 62. What is the hundreds digit of f(3)?
5
What is the tens digit of ((-84)/(-9))/(6/(-9) - -1)?
2
Let l(w) = w**3 - 3*w**2 - w - 3. Let i(z) = -z**3 + 3*z**2 + 2*z + 4. Let m(u) = 2*i(u) + 3*l(u). Let d be m(4). Let b = d + 25. What is the tens digit of b?
4
What is the hundreds digit of ((-1448)/(-2))/(56/28)?
3
Suppose 11 = 10*c + 1. What is the units digit of (147/(-9))/(c/(-15))?
5
Let l(p) = -19 + 8*p + 18 - p + 2*p - 3*p. Let x(b) = -b + 1. Let q be x(-1). What is the tens digit of l(q)?
1
What is the tens digit of (-1)/16*-18726 - (-9)/(-24)?
7
What is the hundreds digit of 430 + (8 - 3 - 6)?
4
Let i = 4 + -8. Let p be (-1)/((-4)/i)*-109. Suppose 3*r - 5*g + p = 277, -5*r + g = -280. What is the tens digit of r?
5
Suppose -b + 2*b = -s + 365, 2*s + b - 726 = 0. What is the hundreds digit of s?
3
Suppose -4*k = -8*k + 12. Let a(l) = -l**3 + 4*l**2 - l - 3. Let f be a(k). Suppose -f*w = m - 27, m = 5*m + 2*w - 68. What is the units digit of m?
5
Let y = -288 - -291. Let j = 19 + -6. Let t = j - y. What is the units digit of t?
0
Suppose -17 - 13 = -m. Suppose b - 126 + m = 0. What is the tens digit of b?
9
Let c be (-6)/(-8) + 3/12. Let l(k) = 100*k + 2. What is the units digit of l(c)?
2
Suppose -19 = -3*v + i, -4*v = v - 4*i - 41. Suppose -7*f + 2*f = -v. Let j = f + 35. What is the units digit of j?
6
Suppose -9 = 3*a + 216. What is the units digit of (-6)/(-45) + (-365)/a?
5
Suppose 0 = -74*x - 21330 + 128852. What is the tens digit of x?
5
Let c be (-3)/9*9*1. Let s be ((-1)/c)/((-9)/459). Let i = s - -43. What is the units digit of i?
6
Let g = 1374 + 682. What is the tens digit of g?
5
Let f(t) = -77*t**3 - 2*t**2 - 2*t - 1. Let w be 198/(-154) + 2/7. What is the tens digit of f(w)?
7
Let p be 1*(-2 + 4) + 11 + -9. Suppose -p*h - 89 = -0*f - f, -f - 2*h + 59 = 0. What is the units digit of f?
9
Let k(z) = -120*z - 67. What is the tens digit of k(-9)?
1
Let t = 11 - -12. What is the units digit of t?
3
Suppose -5*u - 3 = p, -4*p + 5 = 5*u + p. What is the units digit of (-5)/u + (1/(-1))/(-1)?
6
Suppose 5*w = 15, 8*o - w - 9 = 4*o. Suppose 3*p + p = 0. Suppose g - 5*g - t + 314 = p, 243 = 3*g - o*t. What is the tens digit of g?
7
Let l(y) be the third derivative of -y**5/60 + y**4/12 - 2*y**3/3 - 5*y**2. Let h be l(5). Let m = 40 + h. What is the units digit of m?
1
Let d = -5130 + 7322. What is the tens digit of d?
9
Suppose 2904 = 4*a + y - 4170, 2*a + y - 3536 = 0. What is the units digit of a?
9
Suppose -20*w = 6*w + 416. Let v = 65 - 38. Let l = v - w. What is the units digit of l?
3
Suppose 4*d + 256 = -4*n + 56, -2*n - 70 = -4*d. What is the units digit of (22/4 - 4) + n/(-6)?
9
Let o(x) = -10*x - 9. Let y be o(-3). What is the tens digit of y*-2*(-54)/21?
0
Let x be (1 + 2)*(-1 + 5). Let p be ((-5)/20)/((-5)/(-20)). What is the tens digit of x*((-2)/(-4) - p)?
1
Suppose -5*x = 2*v - 213, 0*v - 40 = -x - 3*v. Let p(u) = u - 14. Let o be p(7). Let k = o + x. What is the tens digit of k?
3
Let n(h) = h**2 - 2*h. Let c be n(3). Suppose -108 + 282 = c*k - m, 2*k - m = 117. What is the units digit of ((-9)/(-27))/(1/k)?
9
Suppose 0*m - m - 1 = 0. Let w(i) = -25*i**3 - i**2 - 5. Let y(n) = 1. Let x(z) = w(z) + 5*y(z). What is the tens digit of x(m)?
2
Suppose -17*j - 20 = -18*j. Suppose -j*g = -15*g. Suppose h - 3*h + 124 = g. What is the tens digit of h?
6
Let p be (-28)/(-6) + 18/(-27). Suppose 5*z = 2*i, 5*i = -p*z + 22 + 11. Let r(g) = 2*g**2 + g - 1. What is the units digit of r(z)?
9
Let s(f) = f**2 + f - 2. Let g be 7*(26/(-7) + 4). Suppose w - 4*v + 19 = 0, -g*w - v + 0 = 2. What is the units digit of s(w)?
4
Let s = -2106 + 3368. What is the tens digit of s?
6
Let g be 7 + -9 - ((-88 - -1) + 0). Let h = g + -40. What is the units digit of h?
5
What is the units digit of (-88)/(-220) - (-2138)/5?
8
What is the hundreds digit of -5 + (-50 - -4)*-13 - 6?
5
Suppose -12 = 6*r + 24. Let v(j) = -7*j - 9. Let m be v(r). Let t = m + -31. What is the units digit of t?
2
Suppose 99*h = 95*h + 16. Suppose -548 = -h*b + 264. What is the units digit of b?
3
Suppose 4*o + 2*n = 64, 5*o + 4*n - 43 = 31. Let c = 140 - 126. Let r = o - c. What is the units digit of r?
4
Let o(b) = -12*b - 1. Let s be (-7)/28 + 17/4. Suppose -s*i + f = -3*f + 20, 5*i = -3*f - 9. What is the units digit of o(i)?
5
Suppose j + 4864 = 2*u, -4*j - 12154 = 21*u - 26*u. What is the tens digit of u?
3
Let z be 0 - 6 - (8 + -11). What is the units digit of ((z*9)/3)/(-1)?
9
Suppose -31 = -2*q + 15. Let m = 2 + q. What is the tens digit of m?
2
Let a be -1*2 + 0/5 + 2. Let o(z) = -4*z + 64. What is the tens digit of o(a)?
6
Suppose 205 = d - q + 4*q, 3*d - 636 = -2*q. Let z = -39 + d. What is the tens digit of z?
7
Let u be (-5)/(2 - 3) + -2. Suppose 16*b = 12*b + 224. Suppose 0 = -2*f + u*f - b. What is the units digit of f?
6
Let f(u) = 23*u + 25. What is the hundreds digit of f(7)?
1
Suppose -4*f = -5*f + 3. Suppose -3*a + 6*l = f*l - 39, -3*l + 39 = 3*a. What is the tens digit of a?
1
Let a(j) = 2*j**2 + 13*j + 25. Let l be a(-13). Suppose -142 = -3*z - 2*d, -4*z + 6*d - 4*d = -l. What is the tens digit of z?
4
Let m = -20 + 29. Let c = 3 + m. Suppose -c*y + 7*y = -310. What is the tens digit of y?
6
Let t(x) = 27*x + 15. Let o be t(-6). Let b be (-1281)/o - 2/(-7). Let v = b + -1. What is the units digit of v?
8
Let t = 3698 + -2568. What is the units digit of t?
0
Let r(n) = 1 + 3 - 6 + 0 + 12*n. Let b = 7 + -5. What is the units digit of r(b)?
2
Suppose -4*f = -17 - 47. Suppose -27 = -2*j - 5*c + f, -j + c = -39. Suppose j = 3*r - 62. What is the tens digit of r?
3
Suppose 5*p - 84 - 236 = 0. Let k = -37 + p. What is the tens digit of k?
2
Let j be (5/(15/42))/(-2). Let r(l) = -l**3 - 7*l**2 - l - 3. What is the units digit of r(j)?
4
Suppose -p - 8*g + 864 = -11*g, 0 = -3*p + 4*g + 2597. What is the tens digit of p?
6
Suppose -y = l, 24 = 5*y - l - 2*l. Suppose 5*h - 164 = -3*t, 4*t - y*h = -t + 228. Let b = t + -26. What is the tens digit of b?
2
Let n(w) = w**3 - 7*w**2 + 4*w + 3. Let y be n(7). Let z = y + -23. What is the units digit of z?
8
Suppose 99 = -5*v + 29. Let o = v - -16. Suppose -2*l - 3*k + 0*k + 65 = 0, -o*l - k + 55 = 0. What is the tens digit of l?
2
Let b = -329 - -403. W